-14).
1
Let x(s) = 3*s**2 - 17*s - 738. Calculate x(19).
22
Let r(q) = -3*q + 184. Determine r(31).
91
Let n(v) = -v**3 + 76*v**2 + 234*v + 238. Calculate n(79).
1
Let g(h) = -h**2 - 19*h + 732. Determine g(-39).
-48
Let c(g) = 115*g + 8378. Calculate c(-73).
-17
Let f(u) = u**2 + 138*u - 5385. What is f(32)?
55
Let b(y) = 8*y - 26. Determine b(-4).
-58
Let a(w) = 2*w**3 + 28*w**2 - 15*w - 62. Give a(-14).
148
Let p(d) = -d**3 - 3*d**2 + 10*d - 6. Determine p(0).
-6
Let x(l) = -6716*l - 6715. What is x(-1)?
1
Let z(a) = -341*a + 1111. What is z(3)?
88
Let a(v) = 25*v - 10. What is a(16)?
390
Let n(o) = 76*o - 2091. Calculate n(28).
37
Let s(w) = w**3 - 91*w**2 + 268*w - 357. What is s(88)?
-5
Let q(c) = c**3 + 4*c**2 - 8*c - 49. Determine q(-4).
-17
Let i(c) = c**2 - 83*c + 1644. Determine i(48).
-36
Let d(f) = -f**3 + 40*f**2 + 180*f + 32. Calculate d(-4).
16
Let z(v) = -v**2 + 16*v + 9. What is z(-4)?
-71
Let k(c) = 5*c + 23. Calculate k(-10).
-27
Let t(a) = -14738*a - 29470. Calculate t(-2).
6
Let y(s) = -s**3 - 41*s**2 - 36*s + 136. Give y(-40).
-24
Let g(h) = 13*h + 82. Calculate g(-13).
-87
Let i(y) = 2*y**2 - 24*y + 5. What is i(11)?
-17
Let z(r) = -15*r**3 - 1020*r**2 - 2*r - 156. Calculate z(-68).
-20
Let f(x) = 29*x**2 + 1304*x - 49. What is f(-45)?
-4
Let a(g) = g**3 - 64*g**2 + 858*g - 47. Give a(19).
10
Let g(h) = -h**2 - 46*h + 345. What is g(-52)?
33
Let d(w) = -5*w**2 + 58*w - 16. Give d(3).
113
Let i(s) = -s**3 + 23*s**2 - 53*s - 123. Determine i(20).
17
Let h(x) = -572*x - 25. Give h(-1).
547
Let z(m) = -3*m**2 - 25*m - 165. Give z(-8).
-157
Let q(k) = k**2 - 3*k - 481. Give q(23).
-21
Let x(u) = -498*u - 13942. Determine x(-28).
2
Let b(l) = -l**3 + 16*l**2 - 57*l + 16. Calculate b(5).
6
Let b(p) = -12*p + 731. What is b(61)?
-1
Let q(l) = -24*l - 262. Calculate q(-11).
2
Let h(y) = y**3 - 7*y**2 - 21*y - 34. Calculate h(11).
219
Let t(k) = -11*k**2 + 91*k - 10. Give t(8).
14
Let p(v) = -v**2 + 94*v + 13917. Determine p(-80).
-3
Let t(l) = l**2 - 324*l + 14360. What is t(53)?
-3
Let d(w) = 4*w**2 + 31*w - 729. Give d(-18).
9
Let y(f) = 40*f + 4484. Give y(-112).
4
Let m(n) = -379*n + 4165. What is m(11)?
-4
Let y(o) = -595*o + 6554. Give y(11).
9
Let s(l) = 11*l + 40. Give s(9).
139
Let t(w) = -2*w**3 + 930*w**2 - 4593*w - 3225. Calculate t(460).
-5
Let b(q) = -1286*q + 15437. Calculate b(12).
5
Let r(c) = -19*c - 419. Determine r(-24).
37
Let j(m) = -m**2 + 44*m - 343. Calculate j(10).
-3
Let t(j) = -j**3 - 68*j**2 - 316*j - 105. Give t(-63).
-42
Let b(m) = 10*m**2 - 13*m + 31. What is b(3)?
82
Let m(q) = -q**3 - 40*q**2 + 66*q + 1031. What is m(-41)?
6
Let a(v) = -138*v - 3288. What is a(-25)?
162
Let x(g) = -14*g**2 - 49*g + 907. Determine x(-10).
-3
Let w(x) = x**3 + 21*x**2 - 34*x - 705. Give w(-21).
9
Let t(x) = 53*x - 545. Give t(10).
-15
Let j(w) = 30*w - 263. What is j(8)?
-23
Let m(k) = -3*k**3 + 65*k**2 - 50*k + 174. Determine m(21).
6
Let k(f) = 313*f + 1957. What is k(-6)?
79
Let y(c) = 45*c + 326. What is y(-5)?
101
Let z(n) = 5*n**3 - 56*n**2 - 45*n + 659. Determine z(11).
43
Let a(h) = -2*h**2 - 286*h + 3057. Calculate a(10).
-3
Let p(o) = 10060*o - 11. What is p(0)?
-11
Let f(s) = -14*s - 146. Determine f(-9).
-20
Let q(p) = 7*p**2 - 289*p - 11. Determine q(41).
-93
Let h(b) = b**3 - 42*b**2 - 99*b + 475. Give h(44).
-9
Let m(x) = -43*x + 1821. What is m(42)?
15
Let h(y) = -27*y + 318. Give h(13).
-33
Let m(d) = d**3 - 3*d**2 - 54*d + 7. Determine m(-6).
7
Let q(o) = 57*o**2 + 7*o + 6. What is q(-1)?
56
Let r(q) = -q**3 + 13*q**2 + 31*q - 16. What is r(15)?
-1
Let u(m) = -156*m - 3112. Determine u(-20).
8
Let m(x) = -3*x**2 + 207*x - 268. Give m(67).
134
Let n(u) = 4*u + 291. Calculate n(-72).
3
Let x(v) = -141*v - 265. What is x(-3)?
158
Let a(z) = -z**2 + 21*z - 107. Give a(6).
-17
Let p(v) = v**2 + 58*v - 74. Calculate p(-31).
-911
Let z(m) = m**3 + 39*m**2 + 359*m - 65. What is z(-24)?
-41
Let j(t) = -35*t**2 - 524*t + 27. Calculate j(-15).
12
Let v(b) = -21*b**2 - 161*b - 90. What is v(-7)?
8
Let x(d) = -78*d - 145. Give x(-2).
11
Let k(t) = -47*t - 634. Determine k(-13).
-23
Let w(t) = 2*t**2 - 299*t + 9305. Give w(105).
-40
Let g(n) = -n**3 - 34*n**2 - 33*n + 35. Give g(-33).
35
Let d(r) = -60*r - 1803. Determine d(-30).
-3
Let p(y) = -5*y**2 + 68*y + 759. What is p(21)?
-18
Let t(l) = -817*l - 14714. Calculate t(-18).
-8
Let d(f) = -25*f + 1826. What is d(73)?
1
Let u(k) = k**2 + 25*k + 35. Give u(-11).
-119
Let u(j) = 25*j - 153. What is u(11)?
122
Let y(o) = 32543*o - 520687. Give y(16).
1
Let r(u) = u**3 - 29*u**2 + 104*u - 94. What is r(25)?
6
Let t(k) = k - 50. Determine t(-20).
-70
Let q(n) = n**3 - 12*n**2 - 15*n + 1. Determine q(13).
-25
Let c(f) = 17*f**2 + 150*f + 80. Determine c(-8).
-32
Let d(l) = l**2 - 802*l - 3234. Give d(-4).
-10
Let g(m) = 2*m**2 + 215*m + 4910. Calculate g(-33).
-7
Let q(c) = -c**3 - 14*c**2 + 15*c - 46. Determine q(-15).
-46
Let r(k) = 2*k**2 + 18*k - 28. Determine r(-13).
76
Let f(z) = -z**3 + 94*z**2 - 770*z + 296. Determine f(85).
-129
Let q(p) = -4*p**3 - 39*p**2 - 20*p + 39. Determine q(-9).
-24
Let h(p) = 952*p + 3810. Give h(-4).
2
Let u(f) = -f**3 + 182*f**2 + 95*f + 16085. What is u(183)?
-19
Let o(c) = -474*c - 2840. Give o(-6).
4
Let u(t) = -13*t**2 + 41*t - 5. Calculate u(3).
1
Let j(r) = -r**2 + 12*r + 400. Determine j(-15).
-5
Let f(m) = -2*m**2 - 92*m + 2322. Determine f(-64).
18
Let x(k) = -106*k - 5017. Determine x(-47).
-35
Let q(i) = 2*i**2 + 232*i + 2009. Determine q(-107).
83
Let s(q) = -2*q**2 - 20*q - 21. Determine s(-8).
11
Let c(b) = 82*b - 4594. What is c(56)?
-2
Let z(q) = 14*q**3 - 2*q**2 + 10*q + 13. Calculate z(-1).
-13
Let s(a) = 9*a**2 + 77*a - 9. What is s(-8)?
-49
Let g(i) = 3*i**3 - 3*i**2 - 151*i + 727. Calculate g(5).
272
Let t(s) = s**3 - 7*s**2 - 253. Determine t(0).
-253
Let j(q) = -q**3 + 50*q**2 + 332*q + 229. Determine j(56).
5
Let q(d) = d + 62. Calculate q(-10).
52
Let l(y) = -y**3 - 54*y**2 - 83*y - 1589. Give l(-53).
1
Let l(x) = x**3 + 18*x**2 - 24*x - 89. Give l(-19).
6
Let u(g) = 359*g - 1789. What is u(5)?
6
Let i(f) = -138*f**2 + 821*f + 38. Calculate i(6).
-4
Let s(a) = 2*a**3 + 12*a**2 + 24*a + 45. Determine s(-7).
-221
Let r(i) = -11*i + 689. What is r(64)?
-15
Let x(c) = -5*c**2 - 67*c - 133. Determine x(-2).
-19
Let t(d) = -1527*d - 21364. Determine t(-14).
14
Let o(q) = q**3 + 17*q**2 - 37*q - 35. Give o(-19).
-54
Let f(w) = -w**2 + 20*w + 4134. Determine f(75).
9
Let w(n) = 309*n - 1608. Give w(5).
-63
Let l(v) = -v**3 - 13*v**2 + 18*v + 54. Calculate l(-14).
-2
Let d(k) = 3*k**2 - 588*k - 4982. Give d(-8).
-86
Let i(z) = 4*z**2 - 31*z - 42. Determine i(9).
3
Let m(r) = -21*r + 30. Give m(6).
-96
Let a(x) = -10*x - 138. Calculate a(-19).
52
Let h(t) = t**2 - 19*t - 214. Calculate h(23).
-122
Let t(h) = 20*h**2 - 318*h + 276. Determine t(15).
6
Let s(o) = o**2 - o - 185. Calculate s(-11).
-53
Let v(i) = 4*i**3 - 53*i**2 + 67*i - 716. Determine v(13).
-14
Let n(p) = p**3 + 10*p**2 - 93*p - 521. Calculate n(-14).
-3
Let p(r) = -r**2 + 19*r + 361. Determine p(31).
-11
Let f(w) = -w**3 + 10*w**2 - 18*w + 158. What is f(7)?
179
Let r(z) = 43*z - 76. Determine r(-15).
-721
Let d(t) = -7*t + 37. Calculate d(-6).
79
Let h(o) = -o**3 + 2*o**2 - 56*o + 24. What is h(0)?
24
Let b(u) = 2*u**2 + 239*u + 3304. Determine b(-16).
-8
Let z(p) = -p**3 - 149*p**2 + 6005*p + 21. Give z(33).
-12
Let j(i) = 42*i + 63. Calculate j(-4).
-105
Let k(d) = d**2 - 11*d + 12. Determine k(-7).
138
Let y(z) = -29*z - 2517. Give y(-86).
-23
Let v(t) = t**2 - 137*t + 1283. Determine v(10).
13
Let p(o) = 566*o**3 + 4*o**2 + 2*o - 2. Calculate p(-1).
-566
Let n(j) = -j**3 - 25*j**2 + 84*j + 1515. What is n(-26)?
7
Let f(j) = j**2 + 2299*j + 65838. Calculate f(-29).
8
Let l(k) = 2*k**3 - 2*k**2 + 10*k + 12. Calculate l(-5).
-338
Let a(t) = 488*t**3 - t**2 - 13*t - 11. Determine a(-1).
-487
Let g(p) = -183*p - 88. What is g(0)?
-88
Let u(m) = -3*m**3 + 23*m**2 + 110*m + 35. Calculate u(-4).
155
Let p(h) = -h**3 - 4*h**2 + 14*h - 34. Calculate p(-10).
426
Let s(k) = 14*k**2 + 5*k + 5. What is s(-2)?
51
Let o(x) = -2*x**2 - 95*x + 304. Give o(-50).
54
Let y(k) = 4*k**2 + 81*k - 174. What is y(-22)?
-20
Let m(r) = -103*r - 1039. Give m(-10).
-